. Let g be u(5). Let v be (-4)/g + (-7602)/(-63). Suppose -25*i - v = -30*i. What is the units digit of i?
4
Let s(z) = 108*z + 72. What is the tens digit of s(5)?
1
Suppose -3*p + 2*p = -2*h - 2, 3*h - 3*p = 0. What is the units digit of (14/35)/(h/(-180))?
6
Suppose -2*l + 4 = 4*r - 4, -4*l = r - 16. Suppose r = -3*p - 6*a + a + 48, -2*p - 2*a = -32. What is the tens digit of p?
1
Suppose 0 = -5*b + 7*b - 14. What is the units digit of b?
7
Suppose -4*k - 41 = -2*k + 5*v, 0 = 3*k + 3*v + 57. Let z = k + 17. Let a(n) = -48*n + 1. What is the units digit of a(z)?
9
Let v be -3 - (3 - 3)*(-4)/(-8). Let g(l) = 13*l**2 + 6*l + 16. What is the hundreds digit of g(v)?
1
Let b = -629 - -1258. What is the tens digit of b?
2
Let v = 599 - 233. What is the tens digit of v?
6
Suppose -5*v - 26 = -4*i, 8 + 6 = i - 5*v. Suppose -j = i*d - 13, 3*d = -0*d + 2*j - 4. Suppose -d*p - 3*h + 0*h = -31, -15 = 3*h. What is the units digit of p?
3
Let x = 73 - 59. What is the tens digit of 7/x - ((-818)/4 - 0)?
0
Suppose 19*l = 13*l + 6570. What is the thousands digit of l?
1
Suppose 2*m - 5*y - 2 + 541 = 0, y - 262 = m. Let d = m + 508. What is the tens digit of d?
5
Let f = 250 + 9. What is the hundreds digit of f?
2
Suppose 4 = -2*g, 0 = -i + g - 5*g + 265. Suppose 0 = -5*k + z + i, 279 = 4*k + k + 2*z. What is the units digit of k?
5
Let z(l) be the second derivative of 0*l**3 + 3/2*l**2 + 0 + 1/4*l**4 - 4*l. What is the tens digit of z(3)?
3
Let n(r) = 300*r - 152. What is the thousands digit of n(6)?
1
Suppose 0 = -16*i - 10293 + 50421. What is the thousands digit of i?
2
Let r be 84/(-15) + 4/(-10). Let g = 9 + r. What is the units digit of g*8/(-60)*-25?
0
Let z(l) = 4*l**2 + 4*l + 3. Let k be z(-2). Let w be (-1)/(-4) + k/4. Suppose 2*r = s - 2*s + 13, 3 = -w*s. What is the units digit of r?
7
Suppose 0 = i - 2*a - 94 + 34, -5*i + 267 = a. Let j(n) = -5*n + 1. Let d be j(1). What is the units digit of i/2*d/(-12)?
9
Let y be 9/(27/12) - 12. What is the units digit of (y - -6)/(4/(-94)) + -1?
6
Let g be 368/20 + (-2)/5. Let y = g + 1. What is the tens digit of y?
1
Suppose -1058 = 23*k - 4324. What is the tens digit of k?
4
What is the hundreds digit of 4734/22 + 4/132*-6?
2
Suppose 12*t - 7*t - 20 = 0. What is the tens digit of t/12*-3 - -42?
4
Let a = -20 - -14. Let b be 15/a*(-3 - -1007). What is the tens digit of (-2)/(-12) + b/(-60)?
4
What is the thousands digit of -21*(-8)/28 - -1459?
1
Let w = 4129 + -2733. What is the thousands digit of w?
1
Let x(d) = d + 6. Let q be x(-6). Suppose -l + 4 = -q*l. Suppose 2 = -5*v + 7, 4*m = l*v + 76. What is the units digit of m?
0
Suppose 12 = 4*q + 4*m, m + 7 = 3*q + 5*m. Suppose -q*x = x - 330. What is the tens digit of x?
5
Let v(q) = -2*q - 6. Let a be v(-6). Suppose 53 = i - a. What is the tens digit of i?
5
Let n(p) = 2*p**2 + 2*p - 6. Let i be n(3). Let d(b) = -5*b + i*b + 0*b. What is the units digit of d(2)?
6
Let z(m) = -9*m**2 - 2*m + 2. Let a be z(-2). Let p = -28 - a. Suppose p*x - 100 = -2. What is the tens digit of x?
4
Suppose -4*y + 547 = -13133. What is the thousands digit of y?
3
Suppose -658 = -2*r + 1922. What is the hundreds digit of r?
2
Suppose 21 - 56 = -7*y. Suppose -y*u - 101 = -0*d - d, 5*u - 20 = 0. What is the units digit of d?
1
Suppose -5*g = 5*i - 380, 3*g = -0*g - 9. Let j = i + -44. What is the units digit of j?
5
Let z be (-1 + -160)*(3 - (-8)/(-2)). Suppose 2*w + 25 = 2*k + z, -w + 53 = -4*k. What is the tens digit of w?
7
Let q(x) be the third derivative of -1/60*x**5 + 0 + 1/3*x**3 + 0*x - 3*x**2 + 1/24*x**4. What is the units digit of q(0)?
2
Let z(j) = -199*j - 61. What is the units digit of z(-9)?
0
Let i be (3 + -2)*(-2 + (-54)/(-2)). Suppose 0 = 23*g - 18*g - i. What is the units digit of g?
5
What is the tens digit of (-8346)/(-9) - 1*6/(-9)?
2
Suppose -2*c + 2513 = 3*g, -4*g - 3*c + 4188 = g. What is the hundreds digit of g?
8
Let w(y) = 210*y**2 - 8*y - 20. What is the units digit of w(-3)?
4
Let f(z) = z**2 + 2*z - 3. Let h be (1 - 2)/((-1)/(-3)). Let j be f(h). Suppose j*n = 2*n + 6, -3 = -3*l - 3*n. What is the units digit of l?
4
Let q = 1369 - 514. What is the units digit of q?
5
What is the hundreds digit of 2*((-1)/(-6))/(6/35658)?
9
Suppose 5*r = -4*v - 116 - 60, 3*v = -3*r - 129. Suppose 5*w + 4*k + 39 + 28 = 0, 5*k = 4*w + 70. Let s = w - v. What is the units digit of s?
4
Suppose 16*s + 4*p - 164 = 15*s, s = -3*p + 161. What is the tens digit of s?
5
Let i(v) = -v**3 - v + 1. Let z be i(1). Let y(c) = -116*c**2 + 1 + 116*c**2 + 70*c**2 + c + 0*c. What is the tens digit of y(z)?
7
What is the tens digit of (-4 - (-44)/4) + 368?
7
Let k(t) = t**2 + 9*t - 11*t + 5 - 9*t - 33. What is the tens digit of k(14)?
1
Let y(o) = -o + 23. Let a be y(0). Suppose -5*f + 893 - 753 = 0. Suppose -a*x + f*x = 30. What is the units digit of x?
6
Suppose -3*u + 5*u = v + 109, 119 = 2*u + v. Let n = 8 + u. What is the tens digit of n?
6
Let d(f) be the second derivative of f**5/20 - 11*f**4/12 - 4*f**3/3 + 6*f**2 + 11*f. What is the tens digit of d(12)?
6
Let p = 688 + -310. Suppose -7*g = -g - p. What is the units digit of g?
3
Let i(q) = -2*q**3 + 2*q**2 + 2*q - 2. Let o be i(2). Let a = o - -11. Suppose a*v = 5, -3*b - 2*v = 2 - 49. What is the tens digit of b?
1
Let n(l) be the first derivative of l**3/3 - 11*l**2/2 + 5*l - 10. Let z be n(11). Suppose 184 = 4*m + o, 4*m - z*o - 205 = -m. What is the units digit of m?
5
Let m(s) = -340*s - 74. What is the tens digit of m(-3)?
4
Let f(o) = -o**3 + 16*o**2 + 2*o + 20. Let x be f(16). What is the units digit of 8*594/39 + 8/x?
2
Let z(t) = -t**3 - 2*t**2 + 3*t - 2. Let k be z(2). What is the tens digit of 267/4 - -1*(-3)/k?
6
Let q(r) = 34*r + 113. What is the units digit of q(9)?
9
Suppose l + 25 = -20. Let r = 33 - l. What is the units digit of r?
8
Suppose -3*n + 4*n = 24. What is the units digit of (7/(-4))/((-2)/n)?
1
Let x(o) = o + 49. Let f be x(-23). Suppose f = -3*r + 638. What is the units digit of r?
4
Let y(i) = -i**3 + 9*i**2 - 10*i + 5. Let h be y(8). Let c = h - -15. Suppose -2*d = 3*d - q - 54, -c*q + 34 = 5*d. What is the units digit of d?
0
Let u(a) = 28*a**2 + 19*a - 26. What is the thousands digit of u(12)?
4
Let o(w) = -w**3 + 10*w**2 + 10*w + 17. Let s be o(11). Suppose 0 = -3*g - 5*d + 259, s*d - 9*d = -2*g + 141. What is the tens digit of g?
7
Suppose -26 - 31 = -3*w. Suppose w - 3 = 4*p. Suppose p*i = 5*i - 19. What is the tens digit of i?
1
Let p(v) = -v**3 - 15*v**2 + 11*v + 30. Suppose -1 = 2*d + 31. What is the tens digit of p(d)?
1
Suppose -2*u = u. Suppose u = -2*s + 6*s - 144. What is the tens digit of s?
3
Let l(u) = 183*u - 119. What is the tens digit of l(9)?
2
Let k(i) = -3*i**3 - i**2 - 2*i. Let y be k(2). Let m = 62 + y. What is the units digit of -1 - m/(-9)*12?
9
Suppose 5*b = i + 22, -2*i + b = -2*b + 23. Let w(z) = 2*z**2 + 14*z. Let u be w(i). Suppose -2*j - 10 = 0, u = p + p - 3*j - 23. What is the units digit of p?
4
Let r = 263 - 191. What is the units digit of r?
2
Let a(r) = -2 + 2 + 2 - 2*r. Let d be a(0). Suppose z - b = -6*b + 23, d*z - 72 = 3*b. What is the units digit of z?
3
Let z = -57 + 232. Suppose 4*g = 5*m - 876, 0*g + z = m - g. What is the units digit of m?
6
Let p be 4/1*(-90)/80*6. Let i = 119 - 69. Let j = p + i. What is the units digit of j?
3
Let w = 696 + -479. What is the tens digit of w?
1
Let d = -1910 - -4078. What is the hundreds digit of d?
1
Suppose 2*m = 4*s - 16, -2*s = -0*s + 4*m - 8. Let l be s/(-10) + (-626)/10. What is the tens digit of (-2093)/l - 4/18?
3
Let p = -28 + 62. Let f = 98 - p. What is the units digit of f?
4
Let t = -133 - -89. Let k = 91 + t. What is the units digit of k?
7
Let i(k) = k**3 + 52*k**2 + 40*k - 61. What is the units digit of i(-51)?
0
Suppose 2 = c - 0. Suppose 2*s = 3*s - 1, -c*v + 17 = 5*s. Suppose -v*k + 85 = -k. What is the tens digit of k?
1
Let g be -2*9/(-6) - 1. Suppose n - 3*u = -4*u + 63, 4*n = u + 252. Suppose -5*m + n + g = 0. What is the units digit of m?
3
Let o = 10 - 16. Let l be (-3 + 33)/(o/(-4)). What is the units digit of -1 - l*(-1)/1?
9
Suppose 5*j - 440 = -3*j. What is the units digit of j?
5
Let y(h) = 21 - h**2 + 0*h - 6*h + 0*h**2 - 6. Let f be y(-7). What is the tens digit of (f + -4 - -7)